c) + 111?
0
Let x(i) = -37*i**3 - 7*i**2 + 33*i + 195. What is the units digit of x(-7)?
2
Let b = 1132 - 646. Let g = 828 - b. What is the hundreds digit of g?
3
Let u = -62 + 41. Let j = 24 + u. Suppose -245 = -j*o + 169. What is the tens digit of o?
3
Let a(p) = 29*p - 32. Let t = -326 + 343. What is the hundreds digit of a(t)?
4
Suppose 26*b - 185614 = 81718. What is the tens digit of b?
8
Let r be (-1 - 1)/((-1)/38*-2). Let l = 35 + r. What is the units digit of 142 - (7 + -4)*(-1)/l?
1
Let h = -2975 - -14761. What is the ten thousands digit of h?
1
Let u be 2/(-11) - (-2 - (-143802)/66). Let l = u - -3230. What is the units digit of l?
3
Suppose -1342 + 61154 = 36*o - 42032. What is the thousands digit of o?
2
What is the thousands digit of ((-87656)/(-10))/(708/885)?
0
Let y(t) = -t**2 - 43*t + 51. Let r be y(-23). Let i = r - 58. What is the units digit of i?
3
Suppose 0 = 2*v - 3*v + 10. Let o(k) = 36*k + 79. Let m be o(3). Suppose -m = -v*h + 313. What is the tens digit of h?
5
Let i(x) = 2235*x**2 + 4*x - 99. What is the hundreds digit of i(3)?
0
Suppose o + 35 = 8*o. Suppose 1842 = 2*k + 3*p, -o*k + 74*p = 72*p - 4567. What is the tens digit of k?
1
Let d = -1143 + 2141. What is the tens digit of d?
9
Suppose 4*g = -y - 48, 4*y = 4*g + 2*y + 60. Let q be 1/(-5) + g/(-65). Suppose q = -4*i + d + 385, 7*i = 3*i + 4*d + 400. What is the units digit of i?
5
Suppose 399*q + 1028464 - 3397279 = 13255227. What is the units digit of q?
8
Let a = -31 - -17. Suppose 3*o = 2*m + 203, -4*o + 45*m = 40*m - 280. Let z = a + o. What is the units digit of z?
1
Suppose 2*n - 10592 = 4*b - 3954, -n + 3321 = -3*b. What is the tens digit of n?
1
What is the units digit of (435018/(-45) - 9/15)/(12/(-36))?
3
Suppose -5*y = -4*h + 26993, -2*h - 15*y + 19*y = -13504. What is the tens digit of h?
4
Let k(t) = 2129*t - 441. What is the thousands digit of k(14)?
9
Suppose -6*v - v = 18*v - 300450. What is the hundreds digit of v?
0
Let r(i) = 48*i + 7708. What is the tens digit of r(0)?
0
Let r = -144691 + 208463. What is the ten thousands digit of r?
6
Let u = 181 - 108. Let y = -67 + u. What is the units digit of y?
6
Let k be 2/(-3) + ((-530)/3)/5. Let j = k - -84. What is the tens digit of (72/(-27))/((-2)/j)?
6
Let s(n) = 2*n**2 - 4*n + 30. Let j be s(18). Let f = j - 357. What is the hundreds digit of f?
2
What is the thousands digit of (24843/182)/((-3)/(-414))?
8
Let v = 29903 + -18638. What is the ten thousands digit of v?
1
Let o = -6460 + 14839. What is the tens digit of o?
7
Let z be (-1)/(2/(-346)) - -1. Let s be ((-2)/6)/((-2)/z). Suppose -28*h = -s*h + 90. What is the tens digit of h?
9
Let p = 35 - 33. Suppose -4*o = 4*j - 78 - 218, -p*j = -4*o + 320. Suppose 0*s + o = 6*s. What is the tens digit of s?
1
Suppose w + 21 + 21 = 3*n, 5*w - 2*n + 249 = 0. What is the units digit of (w/(-9) - 1)/(3/423)?
8
Let i(j) = j**3 + 20*j**2 + 16*j + 20. Let k be i(-14). Suppose -6*b - 6*b + k = 0. What is the units digit of b?
1
Suppose 5*l - 6050 = -j, 1 = 4*j + 21. What is the units digit of 2 - (3 - (-1 + l))?
9
Let z be (10 - 50/10) + (-356)/(-2). Let j = -9 - -12. Suppose -j*l + z = -69. What is the units digit of l?
4
Let r(y) = 2*y + 3. Let z(a) = a - 1. Let b(c) = 2*r(c) - 6*z(c). Let g be b(6). Suppose 126 = n + 2*d, 605 = 5*n - g*n + 5*d. What is the units digit of n?
6
Suppose -41*v + 29433 = -170196. What is the units digit of v?
9
Let s(q) = 2*q**3 - 5*q**2 - 2*q - 35. Let f be s(7). Let r = f - -172. What is the units digit of r?
4
Suppose -12103 = 134*y - 135*y + z, 4*y - 2*z = 48404. What is the thousands digit of y?
2
Let o(w) be the second derivative of -w**4/12 + 7*w**3/3 - w**2 - 5*w. Suppose 10*j + 9 = 139. What is the units digit of o(j)?
1
Suppose 39*g = -9*g - 25*g + 1440509. What is the tens digit of g?
3
Let x(l) = 2601*l - 2018. What is the units digit of x(15)?
7
Suppose k = -1566 - 2439. Let t be k/(-20) - (-2)/(-8). What is the tens digit of 2 + t/(3 - -1) + 3?
5
Let a = 26891 - 17707. What is the tens digit of a?
8
Let w(c) = 3110*c - 1424. What is the thousands digit of w(5)?
4
Suppose -5*h = -2*i - h + 88, -4*i - h = -167. What is the units digit of 6*7/i*(1470 - 1)?
9
Let o = 8023 + -1500. What is the hundreds digit of o?
5
Let k(w) = -464*w + 7608. What is the hundreds digit of k(-43)?
5
Let z = 398 - 392. Suppose -q + 4*s = -305, -7*q + z*q = s - 320. What is the hundreds digit of q?
3
Suppose 28 = -2*f + 9*f. Suppose 5*g + 3*n + 3 = 1663, 0 = -5*g - f*n + 1665. What is the hundreds digit of g?
3
Let t(l) = -2*l**2 + 6*l + 26. Let h be t(-3). What is the thousands digit of (((-45)/h)/9)/(2/4292)?
1
Let i(q) = -q + 1. Let n(h) = 35*h + 61. Let k(o) = 2*i(o) - n(o). What is the tens digit of k(-16)?
3
Let f = 311 + -317. Suppose u - 4*c = -192, 3*c + c - 896 = 5*u. What is the units digit of 4 - u/(-12)*f?
2
Suppose 6*n - 151819 = -2*l + 76441, 0 = -n + 4*l + 38039. What is the hundreds digit of n?
0
Let l = 75 - 73. Suppose 0 = 5*a + 2*t + l*t - 635, 2*t + 10 = 0. Let f = a - 86. What is the units digit of f?
5
Let c(g) be the first derivative of 13*g**3 + 11*g**2/2 + 22*g + 39. Let v be c(7). Suppose -8*s + v = 2*s. What is the units digit of s?
1
Let z(p) = p**3 - 3 + 5*p + 3*p**2 + 4*p**2 + 1. Let t be z(-6). Suppose 57 = 4*m + 3*q, 4*m + q = -t*q + 55. What is the units digit of m?
5
Let f = 12522 + -5811. What is the tens digit of f?
1
Let z = 1257 - 396. What is the units digit of z?
1
Let a be -5*(-1)/(-1) - -123. Suppose 64 = -g - a. Let f = g - -370. What is the hundreds digit of f?
1
Let l(z) = -2*z + 36. Let c be l(17). Suppose h + 2*g - 491 = 0, g + 815 = c*h - 167. What is the tens digit of h?
9
Suppose -3*p + 198882 = -6*p + 21*p. What is the hundreds digit of p?
0
Let c(n) = -41*n**2 + 5*n - 4. Let x be c(4). What is the hundreds digit of ((-33)/(-12))/((-5)/x)?
3
Let b(w) = -20*w - 19 + 5*w**2 - 5*w - 8*w + 7*w. Suppose -p + 2 = -7. What is the units digit of b(p)?
2
Let h(p) = -p**2 - 47*p - 72. Suppose -51*u = 3*g - 49*u + 89, 3*g + 85 = -4*u. What is the hundreds digit of h(g)?
4
Let k(u) = 2*u + 414. Let s be 4/(5 - 261/51). What is the units digit of k(s)?
6
Suppose -3*y - 11864 = -2*v, 5*v - 2*v + y = 17818. Suppose 8*a - 5*a - 1489 = -x, 4*x - v = -3*a. What is the hundreds digit of x?
4
Let b(z) = -484*z + 2366. What is the thousands digit of b(-34)?
8
Suppose -20*u - 8*u + 6272 = 0. Suppose 3*m - u = 17*z - 18*z, -4*z = -3*m + 214. What is the tens digit of m?
7
Suppose -2*c = -3*t - 4059, 7*t - 11*t = -4*c + 8120. Suppose 22*b = 25*b - c. What is the units digit of b?
7
Let m = -8 + 8. Suppose m*u - 9*u = -648. What is the tens digit of u?
7
Let l = -633 - -762. Suppose l = c - 1047. What is the thousands digit of c?
1
Let r(a) = 7*a**3 + a - 4. Let y be r(2). Let w be 12/y*-1 + (-22)/(-18). Let d(i) = 15*i**3 + 2*i**2 - i. What is the units digit of d(w)?
6
Suppose 55*r - 43*r - 38472 = 0. What is the tens digit of r?
0
Suppose 2*z - 156727 = -51*i + 48*i, 3*i - 156713 = 5*z. What is the units digit of i?
1
Let o(y) = 35*y - 1838. What is the tens digit of o(55)?
8
Let u(x) = 5*x**2 - 29. Let a be ((-66)/(-24))/((-2)/(-8)) + -2. What is the tens digit of u(a)?
7
Let w be (-4)/14 + (138/42 - 5). Let a(p) = -2 - 2*p**3 - 2*p**2 - 11*p**3 + 4*p**2. What is the units digit of a(w)?
0
Let o(d) = -252*d**2 + 28*d + 49. Let q(h) = 25*h**2 - 3*h - 5. Let c(r) = 2*o(r) + 21*q(r). What is the units digit of c(-1)?
1
Let x(v) be the second derivative of 13*v**5/10 + v**4/12 - v**3/6 - 7*v**2/2 + v - 1. What is the tens digit of x(3)?
0
Suppose 0 = 4*q - d - 4, 6*d - 8 = -2*q + 5*d. Suppose 5*r - 1521 = -4*y, -6 = -0*r + q*r. What is the units digit of y?
4
Suppose 4720 = 331*u - 329*u. Let m = u - 1660. What is the hundreds digit of m?
7
Let m = -2324 - -2414. Let f(v) = -5*v**3 + 2*v**2 + 2*v + 1. Let c be f(-1). Let l = c + m. What is the tens digit of l?
9
Let p(b) = 69*b**3 - 39*b**2 + 233*b + 34. What is the units digit of p(6)?
2
Suppose -44 - 36 = -4*l. Suppose -l*p - 120 = -21*p. What is the units digit of p?
0
Let i(s) be the second derivative of -3/2*s**2 - 1/20*s**5 + 0 + 5/3*s**3 + 1/12*s**4 - s. What is the units digit of i(-4)?
7
Suppose 0 = -0*k - 16*k + 10548 + 109660. What is the ten